List the prime factors of 2943357869.
43, 83, 824701
What are the prime factors of 422764890?
2, 3, 5, 157, 89759
List the prime factors of 628346428.
2, 3739, 42013
List the prime factors of 336232108.
2, 84058027
List the prime factors of 4734121712.
2, 295882607
What are the prime factors of 388936726?
2, 19, 31, 330167
List the prime factors of 6801963355.
5, 11, 827, 149543
List the prime factors of 150054267.
3, 11, 19, 89, 2689
What are the prime factors of 1297657986?
2, 3, 149, 569, 2551
List the prime factors of 44475443.
37, 251, 4789
What are the prime factors of 1118552196?
2, 3, 17, 113, 48523
What are the prime factors of 5796818704?
2, 5189, 69821
List the prime factors of 2385377014.
2, 67, 17801321
What are the prime factors of 3697616441?
107, 34557163
What are the prime factors of 147897071?
7, 29, 728557
List the prime factors of 5339533.
31, 172243
List the prime factors of 40113703.
7, 41, 487
List the prime factors of 1143630347.
1667, 686041
What are the prime factors of 2041486367?
14621, 139627
List the prime factors of 79730523.
3, 37, 239431
List the prime factors of 3901435172.
2, 975358793
What are the prime factors of 80579068?
2, 20144767
What are the prime factors of 64554103?
89, 725327
What are the prime factors of 37464565?
5, 79, 94847
What are the prime factors of 94013323?
797, 117959
What are the prime factors of 113524471?
113524471
What are the prime factors of 1041417343?
41, 73, 347951
What are the prime factors of 334161325?
5, 673, 19861
What are the prime factors of 2870597653?
7, 11, 19, 1962131
List the prime factors of 135719994.
2, 3, 73, 163, 1901
List the prime factors of 84480777.
3, 109, 86117
What are the prime factors of 12608253?
3, 7, 200131
What are the prime factors of 277193557?
421, 658417
What are the prime factors of 110824933?
389, 284897
What are the prime factors of 2033913665?
5, 7, 521, 111539
List the prime factors of 68713215.
3, 5, 19, 353, 683
What are the prime factors of 5802626121?
3, 37, 829, 63059
List the prime factors of 295305453.
3, 17, 53, 61, 199
List the prime factors of 1658991702.
2, 3, 23, 12021679
What are the prime factors of 91000897?
13, 7000069
List the prime factors of 1524603305.
5, 304920661
What are the prime factors of 1135251535?
5, 11, 20640937
What are the prime factors of 25787175?
3, 5, 343829
What are the prime factors of 522362685?
3, 5, 13, 331, 8093
List the prime factors of 10580619.
3, 7, 167, 431
List the prime factors of 284238472.
2, 7, 5075687
List the prime factors of 61125139.
269, 227231
What are the prime factors of 309086303?
309086303
List the prime factors of 217691430.
2, 3, 5, 11, 659671
What are the prime factors of 305194603?
7, 317, 137537
List the prime factors of 334148305.
5, 53, 349, 3613
List the prime factors of 86095204.
2, 13, 1655677
What are the prime factors of 4174339620?
2, 3, 5, 11, 1543, 4099
What are the prime factors of 47143574?
2, 71, 331997
What are the prime factors of 60608455?
5, 41, 7211
List the prime factors of 52480284.
2, 3, 73, 139, 431
List the prime factors of 441407690.
2, 5, 1091, 40459
List the prime factors of 1250401964.
2, 7, 44657213
List the prime factors of 3717767442.
2, 3, 31, 1031, 19387
What are the prime factors of 1508197874?
2, 17, 41, 317, 3413
List the prime factors of 19294920.
2, 3, 5, 53597
What are the prime factors of 1490584650?
2, 3, 5, 17, 71, 8233
What are the prime factors of 4086141508?
2, 41, 24915497
What are the prime factors of 1062807687?
3, 6211, 19013
What are the prime factors of 4077128555?
5, 67, 12170533
What are the prime factors of 1562923692?
2, 3, 11, 23, 101, 1699
List the prime factors of 293232721.
293232721
List the prime factors of 1418770969.
7, 11, 2003, 9199
What are the prime factors of 26323561?
11, 29, 179, 461
List the prime factors of 1741011307.
7, 181, 196303
What are the prime factors of 2585674?
2, 7, 13, 14207
List the prime factors of 4520199.
3, 1506733
List the prime factors of 70419811.
7, 11, 130649
What are the prime factors of 71840335?
5, 7, 107, 19183
What are the prime factors of 98313391?
11, 19, 470399
What are the prime factors of 9817764?
2, 3, 11, 74377
List the prime factors of 599792742.
2, 3, 17, 101, 6469
List the prime factors of 297647841.
3, 53, 991, 1889
What are the prime factors of 93988678?
2, 7, 61, 157, 701
What are the prime factors of 84170429?
7, 71, 163, 1039
List the prime factors of 88879716.
2, 3, 2468881
List the prime factors of 581769260.
2, 5, 3581, 8123
List the prime factors of 194042422.
2, 7, 29, 41, 11657
What are the prime factors of 387915605?
5, 7, 11, 17, 8467
List the prime factors of 1583342113.
59, 83, 313, 1033
What are the prime factors of 34214465?
5, 6842893
What are the prime factors of 325661818?
2, 4349, 37441
List the prime factors of 707376500.
2, 5, 23, 61511
List the prime factors of 74970780.
2, 3, 5, 263, 4751
What are the prime factors of 3971025?
3, 5, 37, 53
List the prime factors of 1706600468.
2, 29, 31, 474583
What are the prime factors of 21466522?
2, 7, 11, 139393
List the prime factors of 385414571.
385414571
What are the prime factors of 132903038?
2, 37, 1795987
List the prime factors of 441560310.
2, 3, 5, 1543, 9539
What are the prime factors of 54986446?
2, 27493223
List the prime factors of 45024168.
2, 3, 7, 283, 947
List the prime factors of 398832034.
2, 2579, 77323
What are the prime factors of 2522729?
11, 20849
List the prime factors of 247871073.
3, 82623691
What are the prime factors of 2614209849?
3, 97, 727, 1373
What are the prime factors of 1306098855?
3, 5, 19, 1069, 1429
List the prime factors of 52148696.
2, 31, 210277
What are the prime factors of 176694273?
3, 7, 223, 12577
What are the prime factors of 185760759?
3, 61920253
List the prime factors of 40951693.
761, 53813
What are the prime factors of 9673174?
2, 7, 101, 6841
What are the prime factors of 65261734?
2, 32630867
List the prime factors of 144002409.
3, 31, 37, 41849
What are the prime factors of 1354281630?
2, 3, 5, 13, 23, 150979
What are the prime factors of 2086896525?
3, 5, 7, 567863
What are the prime factors of 95888755?
5, 17, 66359
What are the prime factors of 1039488222?
2, 3, 17, 10191061
What are the prime factors of 25112610?
2, 3, 5, 279029
What are the prime factors of 48229708?
2, 47, 256541
What are the prime factors of 5272521104?
2, 23, 14327503
List the prime factors of 199497687.
3, 1129, 58901
What are the prime factors of 26654822?
2, 151, 88261
What are the prime factors of 267613686?
2, 3, 4955809
List the prime factors of 30242429.
7, 4320347
List the prime factors of 335844998.
2, 29, 101, 57331
What are the prime factors of 111904112?
2, 6994007
What are the prime factors of 125466367?
13, 19, 507961
What are the prime factors of 152468346?
2, 3, 25411391
What are the prime factors of 1064377626?
2, 3, 13, 149, 91583
What are the prime factors of 531419553?
3, 7, 47, 25639
What are the prime factors of 1427144847?
3, 101, 127, 37087
List the prime factors of 861418250.
2, 5, 7, 11, 73, 613
List the prime factors of 2557244029.
19, 23, 449, 13033
List the prime factors of 15198285.
3, 5, 23, 44053
List the prime factors of 124330672.
2, 7770667
What are the prime factors of 123839559?
3, 157, 87643
List the prime factors of 1454550284.
2, 11, 33057961
List the prime factors of 156197803.
19, 8220937
What are the prime factors of 235012704?
2, 3, 2448049
What are the prime factors of 29460801?
3, 2797, 3511
What are the prime factors of 21866817?
3, 7, 41, 109, 233
What are the prime factors of 21431609?
29, 739021
What are the prime factors of 269363769?
3, 229, 392087
What are the prime factors of 1152058530?
2, 3, 5, 7, 5485993
List the prime factors of 49011517.
49011517
What are the prime factors of 1548364091?
73, 257, 82531
What are the prime factors of 1501746810?
2, 3, 5, 857, 58411
What are the prime factors of 230815497?
3, 11, 6994409
What are the prime factors of 137412869?
11, 151, 82729
List the prime factors of 72478003.
13, 373, 14947
List the prime factors of 4225788195.
3, 5, 19, 449, 33023
List the prime factors of 286099071.
3, 347, 274831
What are the prime factors of 19935243?
3, 191, 11597
What are the prime factors